{"id":11,"date":"2022-06-29T14:45:54","date_gmt":"2022-06-29T14:45:54","guid":{"rendered":"http:\/\/extestat.es\/pruebas\/?page_id=11"},"modified":"2024-11-14T17:50:55","modified_gmt":"2024-11-14T16:50:55","slug":"contacto","status":"publish","type":"page","link":"https:\/\/extestat.es\/pruebas\/contacto\/","title":{"rendered":"Contacto"},"content":{"rendered":"\r\n<div id=\"contacto\" class=\"wp-block-columns col-dcha is-layout-flex wp-container-core-columns-is-layout-c6bc58be wp-block-columns-is-layout-flex\" style=\"padding: 0px;\">\r\n<div class=\"wp-block-column is-layout-flow wp-block-column-is-layout-flow\" style=\"flex-basis: 33.33%; order: 2;\">\r\n<div id=\"datos-contacto\">\r\n<h4>Datos de contacto<\/h4>\r\n<p><strong>Carmen Marcuello Serv\u00f3s<\/strong><br \/>\r\nDpto. Direcci\u00f3n y Organizaci\u00f3n Empresas<br \/>\r\nFacultad de Econom\u00eda y Empresa<br \/>\r\nUniversidad de Zaragoza<br \/>\r\nGran V\u00eda, 2, 50005 Zaragoza<br \/>\r\nE-mail: <a href=\"mailto:cmarcue@unizar.es\">cmarcue@unizar.es<\/a>\r\n<\/p>\r\n<p><strong>Mill\u00e1n D\u00edaz Foncea<\/strong><br \/>\r\nDpto. Direcci\u00f3n y Organizaci\u00f3n Empresas<br \/>\r\nFacultad de Econom\u00eda y Empresa<br \/>\r\nUniversidad de Zaragoza<br \/>\r\nGran V\u00eda, 2, 50005 Zaragoza<br \/>\r\nE-mail: <a href=\"mailto:millan@unizar.es\">millan@unizar.es<\/a>\r\n<\/p>\r\n<p><strong>Alberto S\u00e1nchez Su\u00e1rez<\/strong><br \/>\r\nDpto. Direcci\u00f3n y Organizaci\u00f3n Empresas<br \/>\r\nFacultad de Econom\u00eda y Empresa<br \/>\r\nUniversidad de Zaragoza<br \/>\r\nGran V\u00eda, 2, 50005 Zaragoza<br \/>\r\nE-mail: <a href=\"mailto:alberto.sanchezs@unizar.es\">alberto.sanchezs@unizar.es<\/a>\r\n<\/p>\r\n<\/div>\r\n<\/div>\r\n\r\n\r\n\r\n<div class=\"wp-block-columnc col-izq is-layout-flow wp-block-column-is-layout-flow\" style=\"flex-basis: 66.66%;\">\r\n\n<div class=\"wpcf7 no-js\" id=\"wpcf7-f328-o1\" lang=\"es-ES\" dir=\"ltr\" data-wpcf7-id=\"328\">\n<div class=\"screen-reader-response\"><p role=\"status\" aria-live=\"polite\" aria-atomic=\"true\"><\/p> <ul><\/ul><\/div>\n<form action=\"\/pruebas\/wp-json\/wp\/v2\/pages\/11#wpcf7-f328-o1\" method=\"post\" class=\"wpcf7-form init\" aria-label=\"Formulario de contacto\" novalidate=\"novalidate\" data-status=\"init\">\n<fieldset class=\"hidden-fields-container\"><input type=\"hidden\" name=\"_wpcf7\" value=\"328\" \/><input type=\"hidden\" name=\"_wpcf7_version\" value=\"6.1.5\" \/><input type=\"hidden\" name=\"_wpcf7_locale\" value=\"es_ES\" \/><input type=\"hidden\" name=\"_wpcf7_unit_tag\" value=\"wpcf7-f328-o1\" \/><input type=\"hidden\" name=\"_wpcf7_container_post\" value=\"0\" \/><input type=\"hidden\" name=\"_wpcf7_posted_data_hash\" value=\"\" \/>\n<\/fieldset>\n<div class=\"wpcf7-turnstile cf-turnstile\" data-sitekey=\"0x4AAAAAAB4RzdkbJi8nBCkI\" data-response-field-name=\"_wpcf7_turnstile_response\"><\/div>\n\n<p><label> Nombre*<br \/>\n<span class=\"wpcf7-form-control-wrap\" data-name=\"your-name\"><input size=\"40\" maxlength=\"400\" class=\"wpcf7-form-control wpcf7-text wpcf7-validates-as-required\" aria-required=\"true\" aria-invalid=\"false\" value=\"\" type=\"text\" name=\"your-name\" \/><\/span> <\/label>\n<\/p>\n<p><label> Correo electr\u00f3nico*<br \/>\n<span class=\"wpcf7-form-control-wrap\" data-name=\"your-email\"><input size=\"40\" maxlength=\"400\" class=\"wpcf7-form-control wpcf7-email wpcf7-validates-as-required wpcf7-text wpcf7-validates-as-email\" aria-required=\"true\" aria-invalid=\"false\" value=\"\" type=\"email\" name=\"your-email\" \/><\/span> <\/label>\n<\/p>\n<p><label> Asunto*<br \/>\n<span class=\"wpcf7-form-control-wrap\" data-name=\"your-subject\"><input size=\"40\" maxlength=\"400\" class=\"wpcf7-form-control wpcf7-text wpcf7-validates-as-required\" aria-required=\"true\" aria-invalid=\"false\" value=\"\" type=\"text\" name=\"your-subject\" \/><\/span> <\/label>\n<\/p>\n<p><label> Mensaje<br \/>\n<span class=\"wpcf7-form-control-wrap\" data-name=\"your-message\"><textarea cols=\"40\" rows=\"10\" maxlength=\"2000\" class=\"wpcf7-form-control wpcf7-textarea\" aria-invalid=\"false\" name=\"your-message\"><\/textarea><\/span> <\/label>\n<\/p>\n<div id=\"contacto-checkbox\">\n\t<p><span class=\"wpcf7-form-control-wrap\" data-name=\"casilla-contacto\"><span class=\"wpcf7-form-control wpcf7-checkbox wpcf7-validates-as-required\"><span class=\"wpcf7-list-item first last\"><input type=\"checkbox\" name=\"casilla-contacto[]\" value=\"He le\u00eddo y acepto el\" \/><span class=\"wpcf7-list-item-label\">He le\u00eddo y acepto el<\/span><\/span><\/span><\/span><a href=\"http:\/\/extestat.es\/pruebas\/aviso-legal-y-politica-de-privacidad\/\">Aviso legal y pol\u00edtica de privacidad<\/a>\n\t<\/p>\n<\/div>\n<p><input class=\"wpcf7-form-control wpcf7-submit has-spinner\" type=\"submit\" value=\"Enviar\" \/>\n<\/p><div class=\"wpcf7-response-output\" aria-hidden=\"true\"><\/div>\n<\/form>\n<\/div>\n\r\n<\/div>\r\n","protected":false},"excerpt":{"rendered":"<p>Datos de contacto Carmen Marcuello Serv\u00f3s Dpto. Direcci\u00f3n y Organizaci\u00f3n Empresas Facultad de Econom\u00eda y Empresa Universidad de Zaragoza Gran V\u00eda, 2, 50005 Zaragoza E-mail: cmarcue@unizar.es Mill\u00e1n D\u00edaz Foncea Dpto. Direcci\u00f3n y Organizaci\u00f3n Empresas Facultad de Econom\u00eda y Empresa Universidad de Zaragoza Gran V\u00eda, 2, 50005 Zaragoza E-mail: millan@unizar.es Alberto S\u00e1nchez Su\u00e1rez Dpto. Direcci\u00f3n y<\/p>\n","protected":false},"author":1,"featured_media":0,"parent":0,"menu_order":0,"comment_status":"closed","ping_status":"closed","template":"","meta":{"_acf_changed":false,"site-sidebar-layout":"default","site-content-layout":"default","ast-site-content-layout":"default","site-content-style":"default","site-sidebar-style":"default","ast-global-header-display":"","ast-banner-title-visibility":"","ast-main-header-display":"","ast-hfb-above-header-display":"","ast-hfb-below-header-display":"","ast-hfb-mobile-header-display":"","site-post-title":"","ast-breadcrumbs-content":"","ast-featured-img":"","footer-sml-layout":"","ast-disable-related-posts":"","theme-transparent-header-meta":"default","adv-header-id-meta":"","stick-header-meta":"","header-above-stick-meta":"","header-main-stick-meta":"","header-below-stick-meta":"","astra-migrate-meta-layouts":"set","ast-page-background-enabled":"default","ast-page-background-meta":{"desktop":{"background-color":"var(--ast-global-color-4)","background-image":"","background-repeat":"repeat","background-position":"center center","background-size":"auto","background-attachment":"scroll","background-type":"","background-media":"","overlay-type":"","overlay-color":"","overlay-opacity":"","overlay-gradient":""},"tablet":{"background-color":"","background-image":"","background-repeat":"repeat","background-position":"center center","background-size":"auto","background-attachment":"scroll","background-type":"","background-media":"","overlay-type":"","overlay-color":"","overlay-opacity":"","overlay-gradient":""},"mobile":{"background-color":"","background-image":"","background-repeat":"repeat","background-position":"center center","background-size":"auto","background-attachment":"scroll","background-type":"","background-media":"","overlay-type":"","overlay-color":"","overlay-opacity":"","overlay-gradient":""}},"ast-content-background-meta":{"desktop":{"background-color":"var(--ast-global-color-5)","background-image":"","background-repeat":"repeat","background-position":"center center","background-size":"auto","background-attachment":"scroll","background-type":"","background-media":"","overlay-type":"","overlay-color":"","overlay-opacity":"","overlay-gradient":""},"tablet":{"background-color":"var(--ast-global-color-5)","background-image":"","background-repeat":"repeat","background-position":"center center","background-size":"auto","background-attachment":"scroll","background-type":"","background-media":"","overlay-type":"","overlay-color":"","overlay-opacity":"","overlay-gradient":""},"mobile":{"background-color":"var(--ast-global-color-5)","background-image":"","background-repeat":"repeat","background-position":"center center","background-size":"auto","background-attachment":"scroll","background-type":"","background-media":"","overlay-type":"","overlay-color":"","overlay-opacity":"","overlay-gradient":""}},"footnotes":""},"class_list":["post-11","page","type-page","status-publish","hentry"],"acf":[],"_links":{"self":[{"href":"https:\/\/extestat.es\/pruebas\/wp-json\/wp\/v2\/pages\/11","targetHints":{"allow":["GET"]}}],"collection":[{"href":"https:\/\/extestat.es\/pruebas\/wp-json\/wp\/v2\/pages"}],"about":[{"href":"https:\/\/extestat.es\/pruebas\/wp-json\/wp\/v2\/types\/page"}],"author":[{"embeddable":true,"href":"https:\/\/extestat.es\/pruebas\/wp-json\/wp\/v2\/users\/1"}],"replies":[{"embeddable":true,"href":"https:\/\/extestat.es\/pruebas\/wp-json\/wp\/v2\/comments?post=11"}],"version-history":[{"count":32,"href":"https:\/\/extestat.es\/pruebas\/wp-json\/wp\/v2\/pages\/11\/revisions"}],"predecessor-version":[{"id":330,"href":"https:\/\/extestat.es\/pruebas\/wp-json\/wp\/v2\/pages\/11\/revisions\/330"}],"wp:attachment":[{"href":"https:\/\/extestat.es\/pruebas\/wp-json\/wp\/v2\/media?parent=11"}],"curies":[{"name":"wp","href":"https:\/\/api.w.org\/{rel}","templated":true}]}}